{"id":1289,"date":"2012-09-05T16:23:57","date_gmt":"2012-09-05T14:23:57","guid":{"rendered":"http:\/\/yucelaydemir.de\/?page_id=1289"},"modified":"2014-04-02T17:42:00","modified_gmt":"2014-04-02T15:42:00","slug":"suyun-aktigi-yerde-2","status":"publish","type":"page","link":"https:\/\/yucelaydemir.com\/?page_id=1289","title":{"rendered":"Suyun Akt\u0131\u011f\u0131 Yerde"},"content":{"rendered":"<p><!--:tr--><\/p>\n<h3><img fetchpriority=\"high\" decoding=\"async\" style=\"margin-right: 10px;\" alt=\"\" src=\"http:\/\/yucelaydemir.de\/wp-content\/uploads\/image\/DVD Cove 2 Kopie.jpg\" width=\"374\" height=\"300\" align=\"right\" \/><\/h3>\n<p style=\"text-align: justify;\"><strong><span style=\"color: #0000ff;\">Film<\/span><\/strong><\/p>\n<p style=\"text-align: justify;\">Sumiko Shoji &amp; Y\u00fccel Aydemir; Su tuz ve radyasyon \u00fczerine 60 dakikal\u0131k belgesel film.<\/p>\n<p style=\"text-align: justify;\">Do\u011fada ya\u015fam ya suyun i\u00e7erisinde ya suyun \u00e7evresinde yeti\u015fir. Bu herkesin bildi\u011fi bir ger\u00e7ektir. En g\u00fczel \u00f6rnekler \u00e7\u00f6llerdir. \u00c7\u00f6lde ya\u015fam sadece (birka\u00e7 bitki ve hayvan hari\u00e7. Bunlar\u0131nda \u00e7\u00f6l s\u0131ca\u011f\u0131nda nas\u0131l suya ula\u015ft\u0131klar\u0131n\u0131n s\u0131rr\u0131n\u0131 bilmek gerekir) sadece suyun oldu\u011fu yerde olu\u015fur. Su olmadan ya\u015fam olmaz.<\/p>\n<p style=\"text-align: justify;\">B\u00fct\u00fcn tarih boyunca insanlar su ba\u015flar\u0131na yerle\u015fmi\u015flerdir. Sunun olmad\u0131\u011f\u0131 yerde bir yerle\u015fim yeri yoktur. Bu da hemen herkesin bildi\u011fi bir ger\u00e7ektir.\u00a0 Hepimizin bildi\u011fi ama bir t\u00fcrl\u00fc ad\u0131n\u0131 koyamad\u0131\u011f\u0131 bir ger\u00e7ek daha vard\u0131r. Modern insan ise her gitti\u011fi yere suyu g\u00f6t\u00fcr\u00fcr, su ile her i\u015fini g\u00f6r\u00fcr de sadece i\u00e7meyi unutur. Oysa su her\u015feyden \u00f6nce i\u00e7mek i\u00e7in gereklidir. Bu basit bilgiyi daha modern insan kavrayamam\u0131\u015ft\u0131r. \u00c7\u00fcnk\u00fc modern insan end\u00fcstrinin birer \u00e7\u00f6pl\u00fc\u011f\u00fc haline getirilmi\u015ftir. Ak\u015fam televizyon reklamlar\u0131nda g\u00f6rd\u00fc\u011f\u00fc i\u00e7ece\u011fin reklam hipnozundan kendisini kurtar\u0131p da su i\u00e7meyi becerebilmek bug\u00fcn nerede ise ibadet etmek yerine ge\u00e7ecek.<\/p>\n<p style=\"text-align: justify;\">Bu filmde bir taraftam su ve tuzun ya\u015fam i\u00e7in \u00f6nemini ve gereklili\u011fini anlat\u0131rken, \u00e7b\u00fcr taraftan da yalama d\u00fc\u015fman olan nesneleri ve bunlardan nas\u0131l kurtulabilece\u011fimiz anlat\u0131lmaktad\u0131r.<\/p>\n<p style=\"text-align: justify;\">Y\u00fccel Aydemir<\/p>\n<p><!--:--><!--:de--><\/p>\n<h3><img fetchpriority=\"high\" decoding=\"async\" style=\"margin-right: 10px;\" alt=\"\" src=\"http:\/\/yucelaydemir.de\/wp-content\/uploads\/image\/DVD Cove 2 Kopie.jpg\" width=\"374\" height=\"300\" align=\"right\" \/><\/h3>\n<p style=\"text-align: justify;\">Do\u011fada ya\u015fam ya suyun i\u00e7erisinde ya suyun \u00e7evresinde yeti\u015fir. Bu herkesin bi\u015fdi\u011fi bir ger\u00e7ektir. En g\u00fczel \u00f6rnekler \u00e7\u00f6llerdir. \u00c7\u00f6lde ya\u015fam sadece (birka\u00e7 bitki ve hayvan hari\u00e7. Bunlar\u0131nda \u00e7\u00f6zl s\u0131ca\u011f\u0131nda nas\u0131l suya ula\u015ft\u0131klar\u0131n\u0131n s\u0131rr\u0131n\u0131 bilmek gerekir) sadece suyun oldu\u011fu yerde olu\u015fur. Su olmadan ya\u015fam olmaz.<\/p>\n<p style=\"text-align: justify;\">B\u011ft\u011fn tarih boyunca insanlar su ba\u015flar\u0131na yerle\u015fmi\u015flerdir. Sunun olmad\u0131\u011f\u0131 yerde bir yerle\u015fim yeri yoktur. Bu da hemen herkesin bildi\u011fi bir ger\u00e7ektir. Ama hepimizin bildi\u011fi ama bir t\u00fcrl\u00fc ad\u0131n\u0131 koyamad\u0131\u011f\u0131 bir ger\u00e7ek daha vard\u0131r. Modern insan ise her gitti\u011fi yere suyu g\u00f6t\u00fcr\u00fcr, su ile her i\u015fini g\u00f6r\u00fcr de sadece i\u00e7meyi unutur. Oysa su her\u015feyden \u00f6nce i\u00e7mek i\u00e7in gereklidir. Bu basit bilgiyi daha modern insan kavrayamam\u0131\u015ft\u0131r. \u00c7\u00fcnk\u00fc modern insan end\u00fcstrinin birer \u00e7\u00f6pl\u00fc\u011f\u00fc haline getirilmi\u015ftir. Ak\u015fam televizyon reklamlar\u0131nda g\u00f6rd\u00fc\u011f\u00fc i\u00e7ece\u011fin reklam hipnozundan kendisini kurtar\u0131p da su i\u00e7meyi becerebilmek bug\u00fcn nerede ise ibadet etmek yerine ge\u00e7ecek.<\/p>\n<p style=\"text-align: justify;\">Bu filmde bir taraftam su ve tuzun ya\u015fam i\u00e7in \u00f6nemini ve gereklili\u011fini anlat\u0131rken, \u00e7b\u00fcr taraftan da yalama d\u00fc\u015fman olan nesneleri ve bunlardan nas\u0131l kurtulabilece\u011fimiz anlat\u0131lmaktad\u0131r.<\/p>\n<p style=\"text-align: justify;\">Y\u00fccel Aydemir<\/p>\n<p><!--:--><!--:en--><\/p>\n<h3><img fetchpriority=\"high\" decoding=\"async\" style=\"margin-right: 10px;\" alt=\"\" src=\"http:\/\/yucelaydemir.de\/wp-content\/uploads\/image\/DVD Cove 2 Kopie.jpg\" width=\"374\" height=\"300\" align=\"right\" \/><\/h3>\n<p style=\"text-align: justify;\">Do\u011fada ya\u015fam ya suyun i\u00e7erisinde ya suyun \u00e7evresinde yeti\u015fir. Bu herkesin bi\u015fdi\u011fi bir ger\u00e7ektir. En g\u00fczel \u00f6rnekler \u00e7\u00f6llerdir. \u00c7\u00f6lde ya\u015fam sadece (birka\u00e7 bitki ve hayvan hari\u00e7. Bunlar\u0131nda \u00e7\u00f6zl s\u0131ca\u011f\u0131nda nas\u0131l suya ula\u015ft\u0131klar\u0131n\u0131n s\u0131rr\u0131n\u0131 bilmek gerekir) sadece suyun oldu\u011fu yerde olu\u015fur. Su olmadan ya\u015fam olmaz.<\/p>\n<p style=\"text-align: justify;\">B\u011ft\u011fn tarih boyunca insanlar su ba\u015flar\u0131na yerle\u015fmi\u015flerdir. Sunun olmad\u0131\u011f\u0131 yerde bir yerle\u015fim yeri yoktur. Bu da hemen herkesin bildi\u011fi bir ger\u00e7ektir. Ama hepimizin bildi\u011fi ama bir t\u00fcrl\u00fc ad\u0131n\u0131 koyamad\u0131\u011f\u0131 bir ger\u00e7ek daha vard\u0131r. Modern insan ise her gitti\u011fi yere suyu g\u00f6t\u00fcr\u00fcr, su ile her i\u015fini g\u00f6r\u00fcr de sadece i\u00e7meyi unutur. Oysa su her\u015feyden \u00f6nce i\u00e7mek i\u00e7in gereklidir. Bu basit bilgiyi daha modern insan kavrayamam\u0131\u015ft\u0131r. \u00c7\u00fcnk\u00fc modern insan end\u00fcstrinin birer \u00e7\u00f6pl\u00fc\u011f\u00fc haline getirilmi\u015ftir. Ak\u015fam televizyon reklamlar\u0131nda g\u00f6rd\u00fc\u011f\u00fc i\u00e7ece\u011fin reklam hipnozundan kendisini kurtar\u0131p da su i\u00e7meyi becerebilmek bug\u00fcn nerede ise ibadet etmek yerine ge\u00e7ecek.<\/p>\n<p style=\"text-align: justify;\">Bu filmde bir taraftam su ve tuzun ya\u015fam i\u00e7in \u00f6nemini ve gereklili\u011fini anlat\u0131rken, \u00e7b\u00fcr taraftan da yalama d\u00fc\u015fman olan nesneleri ve bunlardan nas\u0131l kurtulabilece\u011fimiz anlat\u0131lmaktad\u0131r.<\/p>\n<p style=\"text-align: justify;\">Y\u00fccel Aydemir<\/p>\n<p><!--:--><!--:ja--><\/p>\n<h3><img fetchpriority=\"high\" decoding=\"async\" style=\"margin-right: 10px;\" alt=\"\" src=\"http:\/\/yucelaydemir.de\/wp-content\/uploads\/image\/DVD Cove 2 Kopie.jpg\" width=\"374\" height=\"300\" align=\"right\" \/><\/h3>\n<p style=\"text-align: justify;\">Do\u011fada ya\u015fam ya suyun i\u00e7erisinde ya suyun \u00e7evresinde yeti\u015fir. Bu herkesin bi\u015fdi\u011fi bir ger\u00e7ektir. En g\u00fczel \u00f6rnekler \u00e7\u00f6llerdir. \u00c7\u00f6lde ya\u015fam sadece (birka\u00e7 bitki ve hayvan hari\u00e7. Bunlar\u0131nda \u00e7\u00f6zl s\u0131ca\u011f\u0131nda nas\u0131l suya ula\u015ft\u0131klar\u0131n\u0131n s\u0131rr\u0131n\u0131 bilmek gerekir) sadece suyun oldu\u011fu yerde olu\u015fur. Su olmadan ya\u015fam olmaz.<\/p>\n<p style=\"text-align: justify;\">B\u011ft\u011fn tarih boyunca insanlar su ba\u015flar\u0131na yerle\u015fmi\u015flerdir. Sunun olmad\u0131\u011f\u0131 yerde bir yerle\u015fim yeri yoktur. Bu da hemen herkesin bildi\u011fi bir ger\u00e7ektir. Ama hepimizin bildi\u011fi ama bir t\u00fcrl\u00fc ad\u0131n\u0131 koyamad\u0131\u011f\u0131 bir ger\u00e7ek daha vard\u0131r. Modern insan ise her gitti\u011fi yere suyu g\u00f6t\u00fcr\u00fcr, su ile her i\u015fini g\u00f6r\u00fcr de sadece i\u00e7meyi unutur. Oysa su her\u015feyden \u00f6nce i\u00e7mek i\u00e7in gereklidir. Bu basit bilgiyi daha modern insan kavrayamam\u0131\u015ft\u0131r. \u00c7\u00fcnk\u00fc modern insan end\u00fcstrinin birer \u00e7\u00f6pl\u00fc\u011f\u00fc haline getirilmi\u015ftir. Ak\u015fam televizyon reklamlar\u0131nda g\u00f6rd\u00fc\u011f\u00fc i\u00e7ece\u011fin reklam hipnozundan kendisini kurtar\u0131p da su i\u00e7meyi becerebilmek bug\u00fcn nerede ise ibadet etmek yerine ge\u00e7ecek.<\/p>\n<p style=\"text-align: justify;\">Bu filmde bir taraftam su ve tuzun ya\u015fam i\u00e7in \u00f6nemini ve gereklili\u011fini anlat\u0131rken, \u00e7b\u00fcr taraftan da yalama d\u00fc\u015fman olan nesneleri ve bunlardan nas\u0131l kurtulabilece\u011fimiz anlat\u0131lmaktad\u0131r.<\/p>\n<p style=\"text-align: justify;\">Y\u00fccel Aydemir<\/p>\n<p><!--:--><!--:nl--><\/p>\n<h3><img fetchpriority=\"high\" decoding=\"async\" style=\"margin-right: 10px;\" alt=\"\" src=\"http:\/\/yucelaydemir.de\/wp-content\/uploads\/image\/DVD Cove 2 Kopie.jpg\" width=\"374\" height=\"300\" align=\"right\" \/><\/h3>\n<p style=\"text-align: justify;\">Do\u011fada ya\u015fam ya suyun i\u00e7erisinde ya suyun \u00e7evresinde yeti\u015fir. Bu herkesin bi\u015fdi\u011fi bir ger\u00e7ektir. En g\u00fczel \u00f6rnekler \u00e7\u00f6llerdir. \u00c7\u00f6lde ya\u015fam sadece (birka\u00e7 bitki ve hayvan hari\u00e7. Bunlar\u0131nda \u00e7\u00f6zl s\u0131ca\u011f\u0131nda nas\u0131l suya ula\u015ft\u0131klar\u0131n\u0131n s\u0131rr\u0131n\u0131 bilmek gerekir) sadece suyun oldu\u011fu yerde olu\u015fur. Su olmadan ya\u015fam olmaz.<\/p>\n<p style=\"text-align: justify;\">B\u011ft\u011fn tarih boyunca insanlar su ba\u015flar\u0131na yerle\u015fmi\u015flerdir. Sunun olmad\u0131\u011f\u0131 yerde bir yerle\u015fim yeri yoktur. Bu da hemen herkesin bildi\u011fi bir ger\u00e7ektir. Ama hepimizin bildi\u011fi ama bir t\u00fcrl\u00fc ad\u0131n\u0131 koyamad\u0131\u011f\u0131 bir ger\u00e7ek daha vard\u0131r. Modern insan ise her gitti\u011fi yere suyu g\u00f6t\u00fcr\u00fcr, su ile her i\u015fini g\u00f6r\u00fcr de sadece i\u00e7meyi unutur. Oysa su her\u015feyden \u00f6nce i\u00e7mek i\u00e7in gereklidir. Bu basit bilgiyi daha modern insan kavrayamam\u0131\u015ft\u0131r. \u00c7\u00fcnk\u00fc modern insan end\u00fcstrinin birer \u00e7\u00f6pl\u00fc\u011f\u00fc haline getirilmi\u015ftir. Ak\u015fam televizyon reklamlar\u0131nda g\u00f6rd\u00fc\u011f\u00fc i\u00e7ece\u011fin reklam hipnozundan kendisini kurtar\u0131p da su i\u00e7meyi becerebilmek bug\u00fcn nerede ise ibadet etmek yerine ge\u00e7ecek.<\/p>\n<p style=\"text-align: justify;\">Bu filmde bir taraftam su ve tuzun ya\u015fam i\u00e7in \u00f6nemini ve gereklili\u011fini anlat\u0131rken, \u00e7b\u00fcr taraftan da yalama d\u00fc\u015fman olan nesneleri ve bunlardan nas\u0131l kurtulabilece\u011fimiz anlat\u0131lmaktad\u0131r.<\/p>\n<p style=\"text-align: justify;\">Y\u00fccel Aydemir<\/p>\n<p><!--:--><\/p>\n","protected":false},"excerpt":{"rendered":"<p>Film Sumiko Shoji &amp; Y\u00fccel Aydemir; Su tuz ve radyasyon \u00fczerine 60 dakikal\u0131k belgesel film. Do\u011fada ya\u015fam ya suyun i\u00e7erisinde ya suyun \u00e7evresinde yeti\u015fir. Bu herkesin bildi\u011fi bir ger\u00e7ektir. En g\u00fczel \u00f6rnekler \u00e7\u00f6llerdir. \u00c7\u00f6lde ya\u015fam sadece (birka\u00e7 bitki ve hayvan hari\u00e7. Bunlar\u0131nda \u00e7\u00f6l s\u0131ca\u011f\u0131nda nas\u0131l suya ula\u015ft\u0131klar\u0131n\u0131n s\u0131rr\u0131n\u0131 bilmek gerekir) sadece suyun oldu\u011fu yerde olu\u015fur. [&hellip;]<\/p>\n","protected":false},"author":1,"featured_media":0,"parent":0,"menu_order":0,"comment_status":"open","ping_status":"open","template":"","meta":{"footnotes":""},"class_list":["post-1289","page","type-page","status-publish","hentry"],"jetpack_sharing_enabled":true,"_links":{"self":[{"href":"https:\/\/yucelaydemir.com\/index.php?rest_route=\/wp\/v2\/pages\/1289","targetHints":{"allow":["GET"]}}],"collection":[{"href":"https:\/\/yucelaydemir.com\/index.php?rest_route=\/wp\/v2\/pages"}],"about":[{"href":"https:\/\/yucelaydemir.com\/index.php?rest_route=\/wp\/v2\/types\/page"}],"author":[{"embeddable":true,"href":"https:\/\/yucelaydemir.com\/index.php?rest_route=\/wp\/v2\/users\/1"}],"replies":[{"embeddable":true,"href":"https:\/\/yucelaydemir.com\/index.php?rest_route=%2Fwp%2Fv2%2Fcomments&post=1289"}],"version-history":[{"count":13,"href":"https:\/\/yucelaydemir.com\/index.php?rest_route=\/wp\/v2\/pages\/1289\/revisions"}],"predecessor-version":[{"id":1994,"href":"https:\/\/yucelaydemir.com\/index.php?rest_route=\/wp\/v2\/pages\/1289\/revisions\/1994"}],"wp:attachment":[{"href":"https:\/\/yucelaydemir.com\/index.php?rest_route=%2Fwp%2Fv2%2Fmedia&parent=1289"}],"curies":[{"name":"wp","href":"https:\/\/api.w.org\/{rel}","templated":true}]}}