{"id":184,"date":"2011-12-05T13:15:32","date_gmt":"2011-12-05T12:15:32","guid":{"rendered":"http:\/\/yucelaydemir.de\/wp\/?page_id=184"},"modified":"2021-12-26T01:57:59","modified_gmt":"2021-12-25T22:57:59","slug":"basindan-2","status":"publish","type":"page","link":"https:\/\/yucelaydemir.com\/?page_id=184","title":{"rendered":"Bas\u0131ndan"},"content":{"rendered":"\n<p><\/p>\n\n\n\n<p><\/p>\n\n\n\n<figure class=\"wp-block-embed is-type-video is-provider-youtube wp-block-embed-youtube wp-embed-aspect-4-3 wp-has-aspect-ratio\"><div class=\"wp-block-embed__wrapper\">\n<iframe title=\"Bilge&#039;li Hayat 16 Ekim Pazartesi\" width=\"980\" height=\"735\" src=\"https:\/\/www.youtube.com\/embed\/7nayEHGAs-Y?feature=oembed\" frameborder=\"0\" allow=\"accelerometer; autoplay; clipboard-write; encrypted-media; gyroscope; picture-in-picture; web-share\" referrerpolicy=\"strict-origin-when-cross-origin\" allowfullscreen><\/iframe>\n<\/div><\/figure>\n\n\n\n<p><\/p>\n\n\n<p><!--:tr--><\/p>\n<p><iframe title=\"Himalaya tuzu \u00fczerine Bet\u00fcl Arim + Y\u00fccel Aydemir Part1-1\" width=\"980\" height=\"735\" src=\"https:\/\/www.youtube.com\/embed\/GoU6Kul3a3c?feature=oembed\" frameborder=\"0\" allow=\"accelerometer; autoplay; clipboard-write; encrypted-media; gyroscope; picture-in-picture; web-share\" referrerpolicy=\"strict-origin-when-cross-origin\" allowfullscreen><\/iframe><\/p>\n<p>\u00a0<\/p>\n<p>\u00a0<\/p>\n<p>\u00a0<\/p>\n<p><iframe title=\"Himalaya tuzu \u00fczerine Bet\u00fcl Arim +Y\u00fccel Aydemir Part1-2\" width=\"980\" height=\"735\" src=\"https:\/\/www.youtube.com\/embed\/4Yhn_gjuJLI?feature=oembed\" frameborder=\"0\" allow=\"accelerometer; autoplay; clipboard-write; encrypted-media; gyroscope; picture-in-picture; web-share\" referrerpolicy=\"strict-origin-when-cross-origin\" allowfullscreen><\/iframe><\/p>\n<p><iframe title=\"Himalaya tuzu \u00fczerine Bet\u00fcl Arim + Y\u00fccel Aydemir Part1-1\" width=\"980\" height=\"735\" src=\"https:\/\/www.youtube.com\/embed\/GoU6Kul3a3c?start=9&#038;feature=oembed\" frameborder=\"0\" allow=\"accelerometer; autoplay; clipboard-write; encrypted-media; gyroscope; picture-in-picture; web-share\" referrerpolicy=\"strict-origin-when-cross-origin\" allowfullscreen><\/iframe><\/p>\n<p><iframe title=\"Himalaya tuzu \u00fczerine Bet\u00fcl Arim + Y\u00fccel Aydemir Part1-3\" width=\"980\" height=\"735\" src=\"https:\/\/www.youtube.com\/embed\/kdghNFs9RLo?feature=oembed\" frameborder=\"0\" allow=\"accelerometer; autoplay; clipboard-write; encrypted-media; gyroscope; picture-in-picture; web-share\" referrerpolicy=\"strict-origin-when-cross-origin\" allowfullscreen><\/iframe><\/p>\n<p>\u00a0<\/p>\n<p><iframe title=\"Himalaya Tuzu efsanesinin mimar\u0131 Y\u00fccel Aydemir I\u015f\u0131lay Gedik ile\" width=\"980\" height=\"735\" src=\"https:\/\/www.youtube.com\/embed\/y2EWINvkx9s?feature=oembed\" frameborder=\"0\" allow=\"accelerometer; autoplay; clipboard-write; encrypted-media; gyroscope; picture-in-picture; web-share\" referrerpolicy=\"strict-origin-when-cross-origin\" allowfullscreen><\/iframe><\/p>\n<p><iframe title=\"Himalaya Tuzu efsanesinin mimar\u0131 Y\u00fccel Aydemir\" width=\"980\" height=\"735\" src=\"https:\/\/www.youtube.com\/embed\/33_W2W-k4Hs?feature=oembed\" frameborder=\"0\" allow=\"accelerometer; autoplay; clipboard-write; encrypted-media; gyroscope; picture-in-picture; web-share\" referrerpolicy=\"strict-origin-when-cross-origin\" allowfullscreen><\/iframe><\/p>\n<p><iframe title=\"Y\u00fccel Aydemir Kanser 1\" width=\"980\" height=\"551\" src=\"https:\/\/www.youtube.com\/embed\/LMNen5Y55Xs?feature=oembed\" frameborder=\"0\" allow=\"accelerometer; autoplay; clipboard-write; encrypted-media; gyroscope; picture-in-picture; web-share\" referrerpolicy=\"strict-origin-when-cross-origin\" allowfullscreen><\/iframe><\/p>\n<p><iframe title=\"Y\u00fccel Aydemir Kanser 2\" width=\"980\" height=\"551\" src=\"https:\/\/www.youtube.com\/embed\/0xaOs2H7VLE?feature=oembed\" frameborder=\"0\" allow=\"accelerometer; autoplay; clipboard-write; encrypted-media; gyroscope; picture-in-picture; web-share\" referrerpolicy=\"strict-origin-when-cross-origin\" allowfullscreen><\/iframe><\/p>\n<p><iframe title=\"Himalaya Tuzu efsanesinin mimar\u0131 Y\u00fccel Aydemir I\u015f\u0131lay Gedik ile\" width=\"980\" height=\"735\" src=\"https:\/\/www.youtube.com\/embed\/y2EWINvkx9s?start=1&#038;feature=oembed\" frameborder=\"0\" allow=\"accelerometer; autoplay; clipboard-write; encrypted-media; gyroscope; picture-in-picture; web-share\" referrerpolicy=\"strict-origin-when-cross-origin\" allowfullscreen><\/iframe><\/p>\n<p><iframe title=\"Himalaya Tuzu efsanesinin mimar\u0131 Y\u00fccel Aydemir\" width=\"980\" height=\"735\" src=\"https:\/\/www.youtube.com\/embed\/33_W2W-k4Hs?feature=oembed\" frameborder=\"0\" allow=\"accelerometer; autoplay; clipboard-write; encrypted-media; gyroscope; picture-in-picture; web-share\" referrerpolicy=\"strict-origin-when-cross-origin\" allowfullscreen><\/iframe><\/p>\n<p style=\"text-align: left;\">\u00a0<\/p>\n<p style=\"text-align: left;\">\u00a0<\/p>\n<table style=\"width: 200px;\" border=\"1\" cellspacing=\"1\" cellpadding=\"1\">\n<tbody>\n<tr>\n<td>\u00a0<\/td>\n<\/tr>\n<tr>\n<td><iframe src=\"http:\/\/www.dailymotion.com\/embed\/video\/xe02ok\" width=\"480\" height=\"360\" frameborder=\"0\"><\/iframe><a href=\"http:\/\/www.dailymotion.com\/video\/xe02ok_himalaya-tuzu-uzerine-betul-arim-yu_tech\" target=\"_blank\" rel=\"noopener noreferrer\">Himalaya tuzu \u00fczerine Bet\u00fcl Arim &amp; Y\u00fccel Aydemir&#8230;<\/a> <em>von <a href=\"http:\/\/www.dailymotion.com\/yucelaydemir\" target=\"_blank\" rel=\"noopener noreferrer\">yucelaydemir<\/a><\/em><\/td>\n<\/tr>\n<tr>\n<td><iframe src=\"http:\/\/www.dailymotion.com\/embed\/video\/xdzz7x\" width=\"480\" height=\"360\" frameborder=\"0\"><\/iframe><a href=\"http:\/\/www.dailymotion.com\/video\/xdzz7x_himalaya-tuzu-uzerine-betul-arim-yu_tech\" target=\"_blank\" rel=\"noopener noreferrer\">Himalaya tuzu \u00fczerine Bet\u00fcl Arim &amp; Y\u00fccel Aydemir&#8230;<\/a> <em>von <a href=\"http:\/\/www.dailymotion.com\/yucelaydemir\" target=\"_blank\" rel=\"noopener noreferrer\">yucelaydemir<\/a><\/em><\/td>\n<\/tr>\n<tr>\n<td><iframe src=\"http:\/\/www.dailymotion.com\/embed\/video\/xdz1qs\" width=\"480\" height=\"360\" frameborder=\"0\"><\/iframe><a href=\"http:\/\/www.dailymotion.com\/video\/xdz1qs_basynda-himalaya-tuzu_tech\" target=\"_blank\" rel=\"noopener noreferrer\">Bas\u0131nda Himalaya tuzu<\/a> <em>von <a href=\"http:\/\/www.dailymotion.com\/yucelaydemir\" target=\"_blank\" rel=\"noopener noreferrer\">yucelaydemir<\/a><\/em><\/td>\n<\/tr>\n<tr>\n<td><iframe src=\"http:\/\/www.dailymotion.com\/embed\/video\/xds98q\" width=\"480\" height=\"360\" frameborder=\"0\"><\/iframe><a href=\"http:\/\/www.dailymotion.com\/video\/xds98q_himalaya-tuzu-uzerine-betul-arim-yu_tech\" target=\"_blank\" rel=\"noopener noreferrer\">Himalaya Tuzu \u00fczerine Bet\u00fcl Arim &amp; Y\u00fccel Aydemir&#8230;<\/a> <em>von <a href=\"http:\/\/www.dailymotion.com\/yucelaydemir\" target=\"_blank\" rel=\"noopener noreferrer\">yucelaydemir<\/a><\/em><\/td>\n<\/tr>\n<tr>\n<td>\u00a0<\/td>\n<\/tr>\n<tr>\n<td><span id=\"Label_metin\"><strong>H\u0130MALAYA ELMAS, DEN\u0130Z TUZU L\u0130NY\u0130T <\/strong><\/span> \u00a0 <span id=\"Label_metin\"><strong>(http:\/\/arama.hurriyet.com.tr\/arsivnews.aspx?id=14256119)<\/strong><\/span> \u00a0 <span id=\"Label_metin\">D\u00fcnyan\u0131n en iyi kristal tuzlar\u0131ndan biri olarak tan\u0131mlanan Himalaya tuzunun yayg\u0131nla\u015ft\u0131r\u0131lmas\u0131 i\u00e7in \u00e7al\u0131\u015fan \u201cYa\u015fam\u0131n Gizemi: Su ve Tuz\u201d kitab\u0131n\u0131n yazar\u0131 Y\u00fccel Aydemir, tuzu \u00f6nce do\u011fal tuz ve rafine edilmi\u015f sofra tuzu olarak ikiye ay\u0131r\u0131yor. Do\u011fal tuzu da deniz tuzu, kaya tuzu ve kristal tuz olarak \u00fc\u00e7e&#8230; Kaya ve deniz tuzu ile kristal tuz aras\u0131ndaki fark\u0131 ise ilgin\u00e7 bir benzetmeyle a\u00e7\u0131kl\u0131yor: \u201cAyn\u0131 karbon atomlar\u0131ndan yap\u0131lm\u0131\u015f olmas\u0131na ra\u011fmen aradaki fark elmasla, linyit (k\u00f6m\u00fcr) aras\u0131ndaki fark gibi.\u201d Aydemir\u2019e g\u00f6re rafine edilmi\u015f saf sodyumklor\u00fcr olan sofra tuzu v\u00fccut i\u00e7in \u00e7ok agresif bir madde: \u201c\u00c7\u00fcnk\u00fc sodyumklor\u00fcr insan v\u00fccudunda kendi ba\u015f\u0131na reaksiyonlara girer. Bu nedenle v\u00fccut sofra tuzunu v\u00fccuttan d\u0131\u015far\u0131 atmaya \u00e7al\u0131\u015f\u0131r. Onu yaln\u0131zca suyla d\u0131\u015far\u0131 atar. Ancak toplumun b\u00fcy\u00fck \u00e7o\u011funlu\u011fu su i\u00e7meye k\u00fcst\u00fc\u011f\u00fcnden, v\u00fccut bu sofra tuzunu d\u0131\u015far\u0131 atam\u0131yor. A\u015f\u0131r\u0131 sofra tuzu, y\u00fcksek tansiyona, kemik a\u011fr\u0131lar\u0131na, mide ve ba\u011f\u0131rsak kanseri gibi bir\u00e7ok sa\u011fl\u0131k sorununa sebep oluyor. <\/span><\/td>\n<\/tr>\n<tr>\n<td>http:\/\/www.dogaltedavi.net\/f248\/tuz_nedir_himalaya_kristal_tuzu_himalaya_kristal_tuzu_nedir_himalaya_tuzu_himalay-5859.html\n<p>\u00a0<\/p>\n<div id=\"post_message_16235\">\n<blockquote class=\"postcontent restore\">\n<p><strong>Tuz Nedir<\/strong> himalaya kristal tuzu, himalaya kristal tuzu nedir, himalaya tuzu, himalaya tuzu nedir, tuz lambas\u0131, tuzlu su, tuzun kullan\u0131m\u0131 Tuz Nedir? Tuz nedir? Tuz denizden gelir. Ya kaya tuzu gibi eski denizlerin kurumas\u0131 sonucu olu\u015fmu\u015ftur, ya da deniz sular\u0131 buharla\u015ft\u0131r\u0131larak elde edilir. O zaman denizlerden elde edilen bu tuz denize nereden gelir. D\u00fcnyada var olan ve su ile \u00e7\u00f6z\u00fclebilen b\u00fct\u00fcn elementlerin milyarlarca y\u0131l boyunca ya\u011fmurlar arac\u0131l\u0131\u011f\u0131yla denizlere ta\u015f\u0131nmas\u0131 ile olu\u015fmu\u015f mineraller y\u0131\u011f\u0131n\u0131d\u0131r. Ve bu mineraller do\u011fadaki temsil edildikleri miktarlar\u0131na e\u015f de\u011ferlerde de tuzda temsil edilirler. Do\u011fal bir tuzda en az seksen d\u00f6rt element bulunur. D\u00fcnyada var olan hemen b\u00fct\u00fcn elementler tuz da da vard\u0131r. Eger biz bir damla deniz suyu d\u00fcnyaya e\u015fde\u011ferdedir dedi\u011fimiz zaman b\u00fcy\u00fck bir yanl\u0131\u015f yapm\u0131\u015f olmay\u0131z. Kaynak: Ya\u015fam\u0131n Gizemi Su ve Tuz, Y\u00fccel Aydemir Y\u00fccel Aydemir\u0092in kitab\u0131n\u0131 sitemizden sipari\u015f edebilirsiniz.<\/p>\n<\/blockquote>\n<\/div>\n<\/td>\n<\/tr>\n<tr>\n<td>\u00a0<\/td>\n<\/tr>\n<tr>\n<td>\u00a0<\/td>\n<\/tr>\n<tr>\n<td>\u00a0<\/td>\n<\/tr>\n<tr>\n<td>\u00a0<\/td>\n<\/tr>\n<tr>\n<td>\u00a0<\/td>\n<\/tr>\n<tr>\n<td>\u00a0<\/td>\n<\/tr>\n<tr>\n<td>\u00a0<\/td>\n<\/tr>\n<tr>\n<td>\u00a0<\/td>\n<\/tr>\n<tr>\n<td>\u00a0<\/td>\n<\/tr>\n<tr>\n<td>\u00a0<\/td>\n<\/tr>\n<tr>\n<td>\u00a0<\/td>\n<\/tr>\n<tr>\n<td>\u00a0<\/td>\n<\/tr>\n<tr>\n<td>\u00a0<\/td>\n<\/tr>\n<tr>\n<td>\u00a0<\/td>\n<\/tr>\n<tr>\n<td>\u00a0<\/td>\n<\/tr>\n<tr>\n<td>\u00a0<\/td>\n<\/tr>\n<tr>\n<td>\u00a0<\/td>\n<\/tr>\n<tr>\n<td>\u00a0<\/td>\n<\/tr>\n<tr>\n<td>\u00a0<\/td>\n<\/tr>\n<tr>\n<td>\u00a0<\/td>\n<\/tr>\n<tr>\n<td>\u00a0<\/td>\n<\/tr>\n<tr>\n<td>\u00a0<\/td>\n<\/tr>\n<\/tbody>\n<\/table>\n<p><!--:--><\/p>","protected":false},"excerpt":{"rendered":"<p>\u00a0 \u00a0 \u00a0 \u00a0 \u00a0 \u00a0 \u00a0 Himalaya tuzu \u00fczerine Bet\u00fcl Arim &amp; Y\u00fccel Aydemir&#8230; von yucelaydemir Himalaya tuzu \u00fczerine Bet\u00fcl Arim &amp; Y\u00fccel Aydemir&#8230; von yucelaydemir Bas\u0131nda Himalaya tuzu von yucelaydemir Himalaya Tuzu \u00fczerine Bet\u00fcl Arim &amp; Y\u00fccel Aydemir&#8230; von yucelaydemir \u00a0 H\u0130MALAYA ELMAS, DEN\u0130Z TUZU L\u0130NY\u0130T \u00a0 (http:\/\/arama.hurriyet.com.tr\/arsivnews.aspx?id=14256119) \u00a0 D\u00fcnyan\u0131n en iyi kristal [&hellip;]<\/p>\n","protected":false},"author":1,"featured_media":0,"parent":0,"menu_order":4,"comment_status":"open","ping_status":"closed","template":"","meta":{"footnotes":""},"class_list":["post-184","page","type-page","status-publish","hentry"],"jetpack_sharing_enabled":true,"_links":{"self":[{"href":"https:\/\/yucelaydemir.com\/index.php?rest_route=\/wp\/v2\/pages\/184","targetHints":{"allow":["GET"]}}],"collection":[{"href":"https:\/\/yucelaydemir.com\/index.php?rest_route=\/wp\/v2\/pages"}],"about":[{"href":"https:\/\/yucelaydemir.com\/index.php?rest_route=\/wp\/v2\/types\/page"}],"author":[{"embeddable":true,"href":"https:\/\/yucelaydemir.com\/index.php?rest_route=\/wp\/v2\/users\/1"}],"replies":[{"embeddable":true,"href":"https:\/\/yucelaydemir.com\/index.php?rest_route=%2Fwp%2Fv2%2Fcomments&post=184"}],"version-history":[{"count":37,"href":"https:\/\/yucelaydemir.com\/index.php?rest_route=\/wp\/v2\/pages\/184\/revisions"}],"predecessor-version":[{"id":2319,"href":"https:\/\/yucelaydemir.com\/index.php?rest_route=\/wp\/v2\/pages\/184\/revisions\/2319"}],"wp:attachment":[{"href":"https:\/\/yucelaydemir.com\/index.php?rest_route=%2Fwp%2Fv2%2Fmedia&parent=184"}],"curies":[{"name":"wp","href":"https:\/\/api.w.org\/{rel}","templated":true}]}}